ctor of d and 35.
5
Let k = 7 - -6. Let l = 38 - k. Suppose -7*f - 81*f = -440. What is the greatest common factor of f and l?
5
Suppose -3*h - h + 24 = 0. Suppose -s + h*s + 5*l = 10, -5*s = -l - 10. What is the greatest common divisor of s and 1?
1
Suppose -h - 300 = -3*q + 1880, -2*q - 3*h = -1435. What is the highest common factor of q and 29?
29
Let o = 39 + -24. Suppose -5*f + o = -5. Suppose p - 14 = -r, 0*r + f*r - 42 = 3*p. What is the highest common divisor of r and 48?
12
Let y be (3/2)/((-12)/128). Let u be (-131)/(-2) - (-24)/y. Calculate the highest common factor of 16 and u.
16
Let q(w) = -121*w + 10. Let i be q(-4). What is the greatest common factor of i and 38?
38
Let x be 159 - 10/(-9 - -4). What is the highest common factor of 23 and x?
23
Let h(r) = 15*r + 148. Let i be h(-9). What is the greatest common factor of i and 91?
13
Suppose -12 = -2*n + 16. Suppose 106 = 2*x + 2*o, x - 2*o = 67 - 5. Calculate the greatest common factor of n and x.
14
Suppose -4*u + 223 = 5*x - 78, 4*u = 4*x - 248. What is the greatest common factor of 671 and x?
61
Let s be 2/(-1)*(-5 - (-805)/(-14)). What is the greatest common divisor of 1 and s?
1
Let w(s) = -38*s**3 + 37*s**3 - s**2 + 52 + s + 53 + 0*s**2. Let q be w(0). Calculate the highest common divisor of 42 and q.
21
Let j = 8 + 0. Let o = -122 - -178. Calculate the highest common factor of j and o.
8
Suppose 30*j + 78 = 43*j. What is the greatest common divisor of 207 and j?
3
Suppose 3*d - 38 = 4*x + 22, -3*x + 100 = 5*d. Calculate the greatest common factor of d and 110.
10
Suppose -3 - 133 = -4*a. Let q = a + -21. What is the highest common divisor of q and 104?
13
Suppose 173 - 1139 = -46*n. What is the greatest common factor of 105 and n?
21
Let m(n) = -n**3 - n + 44. Let x be m(0). Let v = 96 - x. Calculate the greatest common divisor of 39 and v.
13
Let d = 871 + -869. Suppose 4*l - 8 = 2*b, l = 4*l - 4*b - 6. Suppose 4*s = -q + 29, 34 = 2*s + l*s + 2*q. What is the greatest common factor of d and s?
2
Suppose y - 5*r + 1 = 0, -y + 2*r + 36 = -2*y. Let q be (-576)/y - (-4)/(-26). Let s = -10 + q. What is the greatest common divisor of 36 and s?
12
Let t(m) = -21*m**3 + m**2 - 2*m - 2. Let h be t(-1). Calculate the highest common factor of 55 and h.
11
Suppose -642*v = -635*v - 196. Calculate the greatest common factor of v and 1246.
14
Let i be 17 - (-3 + 4) - 1. Suppose -3*o + 39 + i = 0. Let s be (-2)/6 + 438/o. Calculate the highest common factor of 60 and s.
12
Let n be 1*(-5 - (-354)/(-4))*-6. Calculate the highest common divisor of 66 and n.
33
Let v = 1139 - 1063. What is the highest common factor of 1 and v?
1
Let z be ((-76)/(-16) - 8)/((-4)/16). What is the highest common factor of 4 and z?
1
Let q(b) = -5*b**2 - 65*b - 32. Let w be q(-10). What is the greatest common factor of 944 and w?
118
Let f be (-4)/(8/(-95))*(-4)/(-5). Let d = -32 + f. What is the greatest common factor of 30 and d?
6
Suppose -5*f - 15 = -10*f, -4*f = 2*h - 52. Suppose 3 = 4*v - 1. Let z be v - 0 - (-39 + 0). Calculate the highest common factor of h and z.
20
Let c = 608 - 320. Calculate the highest common factor of c and 36.
36
Suppose -5*l - 35 = -95. Let r(q) = 14*q**2 - 60*q - 198. Let h be r(-3). Calculate the greatest common factor of h and l.
12
Suppose 2*d + 2*r + r = -115, 35 = -d + 3*r. Let h be (-1)/5 + (-110)/d. What is the highest common divisor of 2 and h?
2
Let c = -2 + 498. What is the greatest common divisor of c and 32?
16
Let y = 404 + -233. Let i be (-6)/(-9) - (-56)/6. Let p be (2 - 0)/(i/95). Calculate the highest common divisor of p and y.
19
Let v(b) = -b + 2. Let k be v(-6). Let h = k - -17. Let l be (-6)/(-15)*h/10. Calculate the highest common factor of l and 11.
1
Let z = -598 - -609. What is the highest common divisor of 484 and z?
11
Suppose 0 = -4*u - 2*f + 56, 2*f + f + 20 = 2*u. Let s be ((-9)/(-3) + -8)/1. Let r = 96 + s. What is the greatest common factor of u and r?
13
Suppose 39 = 15*w - 13*w + o, -4*o + 76 = 4*w. Calculate the highest common factor of 60 and w.
20
Let l = -436 + 453. What is the highest common divisor of l and 187?
17
Let q(m) = 5*m + 3*m - 4 - 5*m. Let f be q(2). Suppose 0 = j - f*u + u - 58, 5*j - 288 = 3*u. Calculate the greatest common factor of 38 and j.
19
Let z(y) = y + 1. Let h be z(17). Let p be h - 0*(-4 - -3). Calculate the greatest common divisor of 2 and p.
2
Suppose -1550 = 3*y - 1748. Calculate the highest common factor of y and 462.
66
Let i = -619 + 959. What is the highest common factor of 40 and i?
20
Let p(d) = 29*d + 280. Let u be p(-5). Let k(b) = b**3 - 2*b**2 - 5*b + 3. Let h be k(4). What is the greatest common divisor of h and u?
15
Let p(b) = 92*b + 24. Let v be p(2). Calculate the highest common divisor of v and 260.
52
Suppose 660 = 7*n - 3*n. Suppose -3*q - 4*f = -98, -5*q - 3*f + n = 2*f. What is the highest common factor of q and 238?
34
Suppose 2*w + 2525 = -12*k + 17*k, 0 = -k + 5*w + 505. What is the highest common divisor of k and 5?
5
Suppose 0 = -6*m + 5*m - 57. Let p = 59 + m. Calculate the greatest common divisor of p and 6.
2
Let y be (79*-1)/(0 + -1). Let m be ((-2)/3)/(y/27 - 3). Calculate the highest common factor of m and 63.
9
Let i = -25 + 32. Let s(u) = 9*u**3 + 2*u**2 + u. Let h be s(-1). Let o be 7/(-2*2/h). What is the highest common divisor of o and i?
7
Let r be 1/(4/8*1). Suppose r*z + 11 = -2*k - k, 4*z - 5*k - 11 = 0. Let y be z/(2*(-2)/40). Calculate the highest common factor of 110 and y.
10
Let t(y) = 3*y**2 + 23*y + 39. Let v be t(-8). What is the greatest common factor of v and 423?
47
Let i = 68 + -46. Let z = -20 + i. Suppose -z*r + 4*r - 256 = 0. Calculate the highest common divisor of 16 and r.
16
Let c(d) = 67*d + 773. Let i be c(-11). Suppose -4*z + 2*z = 4*y - 24, -5*y + 12 = -2*z. What is the highest common divisor of i and z?
4
Let m(i) = 3*i. Let l(f) = f**3 + 7*f**2 + 3*f - 13. Let h be l(-6). Suppose -h*j + 1 = -4. Let w be m(j). Calculate the greatest common divisor of w and 15.
3
Let y(a) = -a**3 - 12*a**2 - 2*a - 21. Let q be y(-13). Calculate the greatest common divisor of 464 and q.
58
Let z be (-152)/(-9) - 5/(-45). Suppose q - z = -1. What is the greatest common factor of 16 and q?
16
Suppose -144 = -0*p - 3*p. What is the greatest common divisor of p and 32?
16
Let c be 0/1 - (-21)/(-3). Let q be 3316/7 - 2/c. Let n be 10/(-65) - q/(-39). Calculate the greatest common divisor of n and 4.
4
Suppose 6*t - 396 = 3*t. Let i(g) be the third derivative of g**5/60 - g**4/3 + 2*g**3 + 7*g**2. Let c be i(8). Calculate the greatest common factor of t and c.
12
Suppose -104 = -20*x + 7*x. Suppose 2*o - x = 0, -j + 5*j - 28 = -3*o. What is the highest common factor of j and 36?
4
Let h be 2/2 + 289 + (-30)/10. What is the greatest common divisor of 14 and h?
7
Let q be -6*4*15/(-4). Suppose -3*k - 5*s + 74 = 0, 2*s = 5*k - k - q. What is the highest common divisor of k and 69?
23
Let a(t) = 115*t + 10. Let f be a(2). Suppose 0*p + 4*p - f = 0. What is the highest common divisor of 12 and p?
12
Let m(i) = -i - 13. Let v be m(-15). Suppose 8*x - 420 = v*x. Calculate the greatest common factor of x and 5.
5
Let f(n) = -5*n - 6. Let r be f(-8). Suppose r - 16 = 3*w. What is the highest common factor of w and 8?
2
Suppose 3*m = 3*p - 102, -10*p - 5*m + 190 = -5*p. Suppose 2*a - 57 = -3*u, -2*a + 23 = u - 28. Calculate the greatest common factor of a and p.
12
Let i be -58*(3 + -4) - -1. Let f = i + -35. Suppose m + 6 - 102 = 0. Calculate the greatest common divisor of m and f.
24
Let d(p) = p**2 - 14*p + 17. Let m be d(13). Suppose -m*j + 42 = -j. Calculate the greatest common factor of j and 2.
2
Let x(s) = -22*s + 4*s**2 - 27 - 3*s**2 + 10*s. Let j be x(14). What is the highest common divisor of 1 and j?
1
Let t(w) = 2*w**2 - 28*w + 135. Let j be t(14). Calculate the highest common divisor of 27 and j.
27
Let n(i) = -2*i**2 - 10*i**3 + 1 - 11*i**3 + 21*i**3 - 7*i**3. Let f be n(-1). Let z be (44/33)/((-4)/(-6)). What is the highest common divisor of f and z?
2
Suppose -t + 38 = s + 2*s, s = -t + 14. Let m be 302/(-3*6/(-9)). Suppose -89 = -2*c + m. Calculate the greatest common divisor of s and c.
12
Let m(o) = -o + 6*o**2 - 5*o**2 + 0*o**2. Let t be m(3). What is the h